{"id":9413,"date":"2025-01-01T18:00:33","date_gmt":"2025-01-01T17:00:33","guid":{"rendered":"https:\/\/www.clarelegal.com\/?page_id=9413"},"modified":"2025-08-06T07:46:21","modified_gmt":"2025-08-06T05:46:21","slug":"the-power-of-conviction-in-the-european-dream-interview-with-pervenche-beres","status":"publish","type":"page","link":"https:\/\/www.clarelegal.com\/en\/interviews-2\/the-power-of-conviction-in-the-european-dream-interview-with-pervenche-beres\/","title":{"rendered":"The power of conviction in the European dream"},"content":{"rendered":"<p>Pervenche Ber\u00e8s, femme politique, ancienne d\u00e9put\u00e9e europ\u00e9enne (France News Digest 3 d\u00e9cembre 2015)<\/p>\n","protected":false},"excerpt":{"rendered":"<p>Pervenche Ber\u00e8s, femme politique, ancienne d\u00e9put\u00e9e europ\u00e9enne (France News Digest 3 d\u00e9cembre 2015)<\/p>\n","protected":false},"author":2,"featured_media":1090,"parent":9401,"menu_order":15,"comment_status":"closed","ping_status":"closed","template":"","meta":{"_acf_changed":false,"inline_featured_image":false,"footnotes":""},"class_list":["post-9413","page","type-page","status-publish","has-post-thumbnail","hentry"],"acf":[],"yoast_head":"<!-- This site is optimized with the Yoast SEO plugin v26.5 - https:\/\/yoast.com\/wordpress\/plugins\/seo\/ -->\n<title>The power of conviction in the European dream - Clare L\u00e9gal<\/title>\n<meta name=\"robots\" content=\"index, follow, max-snippet:-1, max-image-preview:large, max-video-preview:-1\" \/>\n<link rel=\"canonical\" href=\"https:\/\/www.clarelegal.com\/en\/interviews-2\/the-power-of-conviction-in-the-european-dream-interview-with-pervenche-beres\/\" \/>\n<meta property=\"og:locale\" content=\"en_US\" \/>\n<meta property=\"og:type\" content=\"article\" \/>\n<meta property=\"og:title\" content=\"The power of conviction in the European dream - Clare L\u00e9gal\" \/>\n<meta property=\"og:description\" content=\"Pervenche Ber\u00e8s, femme politique, ancienne d\u00e9put\u00e9e europ\u00e9enne (France News Digest 3 d\u00e9cembre 2015)\" \/>\n<meta property=\"og:url\" content=\"https:\/\/www.clarelegal.com\/en\/interviews-2\/the-power-of-conviction-in-the-european-dream-interview-with-pervenche-beres\/\" \/>\n<meta property=\"og:site_name\" content=\"Clare L\u00e9gal\" \/>\n<meta property=\"article:modified_time\" content=\"2025-08-06T05:46:21+00:00\" \/>\n<meta property=\"og:image\" content=\"https:\/\/www.clarelegal.com\/wp-content\/uploads\/2022\/05\/photo-Pervenche-Beres3.jpg\" \/>\n\t<meta property=\"og:image:width\" content=\"1024\" \/>\n\t<meta property=\"og:image:height\" content=\"683\" \/>\n\t<meta property=\"og:image:type\" content=\"image\/jpeg\" \/>\n<meta name=\"twitter:card\" content=\"summary_large_image\" \/>\n<meta name=\"twitter:label1\" content=\"Est. reading time\" \/>\n\t<meta name=\"twitter:data1\" content=\"1 minute\" \/>\n<script type=\"application\/ld+json\" class=\"yoast-schema-graph\">{\"@context\":\"https:\/\/schema.org\",\"@graph\":[{\"@type\":\"WebPage\",\"@id\":\"https:\/\/www.clarelegal.com\/en\/interviews-2\/the-power-of-conviction-in-the-european-dream-interview-with-pervenche-beres\/\",\"url\":\"https:\/\/www.clarelegal.com\/en\/interviews-2\/the-power-of-conviction-in-the-european-dream-interview-with-pervenche-beres\/\",\"name\":\"The power of conviction in the European dream - Clare L\u00e9gal\",\"isPartOf\":{\"@id\":\"https:\/\/www.clarelegal.com\/#website\"},\"primaryImageOfPage\":{\"@id\":\"https:\/\/www.clarelegal.com\/en\/interviews-2\/the-power-of-conviction-in-the-european-dream-interview-with-pervenche-beres\/#primaryimage\"},\"image\":{\"@id\":\"https:\/\/www.clarelegal.com\/en\/interviews-2\/the-power-of-conviction-in-the-european-dream-interview-with-pervenche-beres\/#primaryimage\"},\"thumbnailUrl\":\"https:\/\/www.clarelegal.com\/wp-content\/uploads\/2022\/05\/photo-Pervenche-Beres3.jpg\",\"datePublished\":\"2025-01-01T17:00:33+00:00\",\"dateModified\":\"2025-08-06T05:46:21+00:00\",\"breadcrumb\":{\"@id\":\"https:\/\/www.clarelegal.com\/en\/interviews-2\/the-power-of-conviction-in-the-european-dream-interview-with-pervenche-beres\/#breadcrumb\"},\"inLanguage\":\"en-US\",\"potentialAction\":[{\"@type\":\"ReadAction\",\"target\":[\"https:\/\/www.clarelegal.com\/en\/interviews-2\/the-power-of-conviction-in-the-european-dream-interview-with-pervenche-beres\/\"]}]},{\"@type\":\"ImageObject\",\"inLanguage\":\"en-US\",\"@id\":\"https:\/\/www.clarelegal.com\/en\/interviews-2\/the-power-of-conviction-in-the-european-dream-interview-with-pervenche-beres\/#primaryimage\",\"url\":\"https:\/\/www.clarelegal.com\/wp-content\/uploads\/2022\/05\/photo-Pervenche-Beres3.jpg\",\"contentUrl\":\"https:\/\/www.clarelegal.com\/wp-content\/uploads\/2022\/05\/photo-Pervenche-Beres3.jpg\",\"width\":1024,\"height\":683},{\"@type\":\"BreadcrumbList\",\"@id\":\"https:\/\/www.clarelegal.com\/en\/interviews-2\/the-power-of-conviction-in-the-european-dream-interview-with-pervenche-beres\/#breadcrumb\",\"itemListElement\":[{\"@type\":\"ListItem\",\"position\":1,\"name\":\"Home\",\"item\":\"https:\/\/www.clarelegal.com\/en\/\"},{\"@type\":\"ListItem\",\"position\":2,\"name\":\"Interviews\",\"item\":\"https:\/\/www.clarelegal.com\/en\/interviews-2\/\"},{\"@type\":\"ListItem\",\"position\":3,\"name\":\"The power of conviction in the European dream\"}]},{\"@type\":\"WebSite\",\"@id\":\"https:\/\/www.clarelegal.com\/#website\",\"url\":\"https:\/\/www.clarelegal.com\/\",\"name\":\"Clare L\u00e9gal\",\"description\":\"\",\"potentialAction\":[{\"@type\":\"SearchAction\",\"target\":{\"@type\":\"EntryPoint\",\"urlTemplate\":\"https:\/\/www.clarelegal.com\/?s={search_term_string}\"},\"query-input\":{\"@type\":\"PropertyValueSpecification\",\"valueRequired\":true,\"valueName\":\"search_term_string\"}}],\"inLanguage\":\"en-US\"}]}<\/script>\n<!-- \/ Yoast SEO plugin. -->","yoast_head_json":{"title":"The power of conviction in the European dream - Clare L\u00e9gal","robots":{"index":"index","follow":"follow","max-snippet":"max-snippet:-1","max-image-preview":"max-image-preview:large","max-video-preview":"max-video-preview:-1"},"canonical":"https:\/\/www.clarelegal.com\/en\/interviews-2\/the-power-of-conviction-in-the-european-dream-interview-with-pervenche-beres\/","og_locale":"en_US","og_type":"article","og_title":"The power of conviction in the European dream - Clare L\u00e9gal","og_description":"Pervenche Ber\u00e8s, femme politique, ancienne d\u00e9put\u00e9e europ\u00e9enne (France News Digest 3 d\u00e9cembre 2015)","og_url":"https:\/\/www.clarelegal.com\/en\/interviews-2\/the-power-of-conviction-in-the-european-dream-interview-with-pervenche-beres\/","og_site_name":"Clare L\u00e9gal","article_modified_time":"2025-08-06T05:46:21+00:00","og_image":[{"width":1024,"height":683,"url":"https:\/\/www.clarelegal.com\/wp-content\/uploads\/2022\/05\/photo-Pervenche-Beres3.jpg","type":"image\/jpeg"}],"twitter_card":"summary_large_image","twitter_misc":{"Est. reading time":"1 minute"},"schema":{"@context":"https:\/\/schema.org","@graph":[{"@type":"WebPage","@id":"https:\/\/www.clarelegal.com\/en\/interviews-2\/the-power-of-conviction-in-the-european-dream-interview-with-pervenche-beres\/","url":"https:\/\/www.clarelegal.com\/en\/interviews-2\/the-power-of-conviction-in-the-european-dream-interview-with-pervenche-beres\/","name":"The power of conviction in the European dream - Clare L\u00e9gal","isPartOf":{"@id":"https:\/\/www.clarelegal.com\/#website"},"primaryImageOfPage":{"@id":"https:\/\/www.clarelegal.com\/en\/interviews-2\/the-power-of-conviction-in-the-european-dream-interview-with-pervenche-beres\/#primaryimage"},"image":{"@id":"https:\/\/www.clarelegal.com\/en\/interviews-2\/the-power-of-conviction-in-the-european-dream-interview-with-pervenche-beres\/#primaryimage"},"thumbnailUrl":"https:\/\/www.clarelegal.com\/wp-content\/uploads\/2022\/05\/photo-Pervenche-Beres3.jpg","datePublished":"2025-01-01T17:00:33+00:00","dateModified":"2025-08-06T05:46:21+00:00","breadcrumb":{"@id":"https:\/\/www.clarelegal.com\/en\/interviews-2\/the-power-of-conviction-in-the-european-dream-interview-with-pervenche-beres\/#breadcrumb"},"inLanguage":"en-US","potentialAction":[{"@type":"ReadAction","target":["https:\/\/www.clarelegal.com\/en\/interviews-2\/the-power-of-conviction-in-the-european-dream-interview-with-pervenche-beres\/"]}]},{"@type":"ImageObject","inLanguage":"en-US","@id":"https:\/\/www.clarelegal.com\/en\/interviews-2\/the-power-of-conviction-in-the-european-dream-interview-with-pervenche-beres\/#primaryimage","url":"https:\/\/www.clarelegal.com\/wp-content\/uploads\/2022\/05\/photo-Pervenche-Beres3.jpg","contentUrl":"https:\/\/www.clarelegal.com\/wp-content\/uploads\/2022\/05\/photo-Pervenche-Beres3.jpg","width":1024,"height":683},{"@type":"BreadcrumbList","@id":"https:\/\/www.clarelegal.com\/en\/interviews-2\/the-power-of-conviction-in-the-european-dream-interview-with-pervenche-beres\/#breadcrumb","itemListElement":[{"@type":"ListItem","position":1,"name":"Home","item":"https:\/\/www.clarelegal.com\/en\/"},{"@type":"ListItem","position":2,"name":"Interviews","item":"https:\/\/www.clarelegal.com\/en\/interviews-2\/"},{"@type":"ListItem","position":3,"name":"The power of conviction in the European dream"}]},{"@type":"WebSite","@id":"https:\/\/www.clarelegal.com\/#website","url":"https:\/\/www.clarelegal.com\/","name":"Clare L\u00e9gal","description":"","potentialAction":[{"@type":"SearchAction","target":{"@type":"EntryPoint","urlTemplate":"https:\/\/www.clarelegal.com\/?s={search_term_string}"},"query-input":{"@type":"PropertyValueSpecification","valueRequired":true,"valueName":"search_term_string"}}],"inLanguage":"en-US"}]}},"_links":{"self":[{"href":"https:\/\/www.clarelegal.com\/en\/wp-json\/wp\/v2\/pages\/9413","targetHints":{"allow":["GET"]}}],"collection":[{"href":"https:\/\/www.clarelegal.com\/en\/wp-json\/wp\/v2\/pages"}],"about":[{"href":"https:\/\/www.clarelegal.com\/en\/wp-json\/wp\/v2\/types\/page"}],"author":[{"embeddable":true,"href":"https:\/\/www.clarelegal.com\/en\/wp-json\/wp\/v2\/users\/2"}],"replies":[{"embeddable":true,"href":"https:\/\/www.clarelegal.com\/en\/wp-json\/wp\/v2\/comments?post=9413"}],"version-history":[{"count":5,"href":"https:\/\/www.clarelegal.com\/en\/wp-json\/wp\/v2\/pages\/9413\/revisions"}],"predecessor-version":[{"id":9605,"href":"https:\/\/www.clarelegal.com\/en\/wp-json\/wp\/v2\/pages\/9413\/revisions\/9605"}],"up":[{"embeddable":true,"href":"https:\/\/www.clarelegal.com\/en\/wp-json\/wp\/v2\/pages\/9401"}],"wp:featuredmedia":[{"embeddable":true,"href":"https:\/\/www.clarelegal.com\/en\/wp-json\/wp\/v2\/media\/1090"}],"wp:attachment":[{"href":"https:\/\/www.clarelegal.com\/en\/wp-json\/wp\/v2\/media?parent=9413"}],"curies":[{"name":"wp","href":"https:\/\/api.w.org\/{rel}","templated":true}]}}

<p>Pervenche Berès, femme politique, ancienne députée européenne (France News Digest 3 décembre 2015)</p>

<!-- This site is optimized with the Yoast SEO plugin v26.5 - https://yoast.com/wordpress/plugins/seo/ -->
<title>The power of conviction in the European dream - Clare Légal</title>
<meta name="robots" content="index, follow, max-snippet:-1, max-image-preview:large, max-video-preview:-1" />
<link rel="canonical" href="https://www.clarelegal.com/en/interviews-2/the-power-of-conviction-in-the-european-dream-interview-with-pervenche-beres/" />
<meta property="og:locale" content="en_US" />
<meta property="og:type" content="article" />
<meta property="og:title" content="The power of conviction in the European dream - Clare Légal" />
<meta property="og:description" content="Pervenche Berès, femme politique, ancienne députée européenne (France News Digest 3 décembre 2015)" />
<meta property="og:url" content="https://www.clarelegal.com/en/interviews-2/the-power-of-conviction-in-the-european-dream-interview-with-pervenche-beres/" />
<meta property="og:site_name" content="Clare Légal" />
<meta property="article:modified_time" content="2025-08-06T05:46:21+00:00" />
<meta property="og:image" content="https://www.clarelegal.com/wp-content/uploads/2022/05/photo-Pervenche-Beres3.jpg" />
	<meta property="og:image:width" content="1024" />
	<meta property="og:image:height" content="683" />
	<meta property="og:image:type" content="image/jpeg" />
<meta name="twitter:card" content="summary_large_image" />
<meta name="twitter:label1" content="Est. reading time" />
	<meta name="twitter:data1" content="1 minute" />
<script type="application/ld+json" class="yoast-schema-graph">{"@context":"https://schema.org","@graph":[{"@type":"WebPage","@id":"https://www.clarelegal.com/en/interviews-2/the-power-of-conviction-in-the-european-dream-interview-with-pervenche-beres/","url":"https://www.clarelegal.com/en/interviews-2/the-power-of-conviction-in-the-european-dream-interview-with-pervenche-beres/","name":"The power of conviction in the European dream - Clare Légal","isPartOf":{"@id":"https://www.clarelegal.com/#website"},"primaryImageOfPage":{"@id":"https://www.clarelegal.com/en/interviews-2/the-power-of-conviction-in-the-european-dream-interview-with-pervenche-beres/#primaryimage"},"image":{"@id":"https://www.clarelegal.com/en/interviews-2/the-power-of-conviction-in-the-european-dream-interview-with-pervenche-beres/#primaryimage"},"thumbnailUrl":"https://www.clarelegal.com/wp-content/uploads/2022/05/photo-Pervenche-Beres3.jpg","datePublished":"2025-01-01T17:00:33+00:00","dateModified":"2025-08-06T05:46:21+00:00","breadcrumb":{"@id":"https://www.clarelegal.com/en/interviews-2/the-power-of-conviction-in-the-european-dream-interview-with-pervenche-beres/#breadcrumb"},"inLanguage":"en-US","potentialAction":[{"@type":"ReadAction","target":["https://www.clarelegal.com/en/interviews-2/the-power-of-conviction-in-the-european-dream-interview-with-pervenche-beres/"]}]},{"@type":"ImageObject","inLanguage":"en-US","@id":"https://www.clarelegal.com/en/interviews-2/the-power-of-conviction-in-the-european-dream-interview-with-pervenche-beres/#primaryimage","url":"https://www.clarelegal.com/wp-content/uploads/2022/05/photo-Pervenche-Beres3.jpg","contentUrl":"https://www.clarelegal.com/wp-content/uploads/2022/05/photo-Pervenche-Beres3.jpg","width":1024,"height":683},{"@type":"BreadcrumbList","@id":"https://www.clarelegal.com/en/interviews-2/the-power-of-conviction-in-the-european-dream-interview-with-pervenche-beres/#breadcrumb","itemListElement":[{"@type":"ListItem","position":1,"name":"Home","item":"https://www.clarelegal.com/en/"},{"@type":"ListItem","position":2,"name":"Interviews","item":"https://www.clarelegal.com/en/interviews-2/"},{"@type":"ListItem","position":3,"name":"The power of conviction in the European dream"}]},{"@type":"WebSite","@id":"https://www.clarelegal.com/#website","url":"https://www.clarelegal.com/","name":"Clare Légal","description":"","potentialAction":[{"@type":"SearchAction","target":{"@type":"EntryPoint","urlTemplate":"https://www.clarelegal.com/?s={search_term_string}"},"query-input":{"@type":"PropertyValueSpecification","valueRequired":true,"valueName":"search_term_string"}}],"inLanguage":"en-US"}]}</script>
<!-- / Yoast SEO plugin. -->

The power of conviction in the European dream - Clare Légal

Pervenche Berès, femme politique, ancienne députée européenne (France News Digest 3 décembre 2015)

Clare Légal
